t c(y) = 1018*y - 148. Let p be c(4). Let u = p + -1373. Is u a composite number?
False
Is ((-44575)/15 + 4)*4/((-12)/9) composite?
True
Let a be (-12)/(-42)*(3 + (12 - 1)). Suppose -m = a*k - 347445, -3*m - 203588 = -3*k + 56992. Is k composite?
False
Let a = -314 + 344. Suppose -a*x + 25*x = -22495. Is x a composite number?
True
Let i = -63 + 65. Suppose -5*a + 7529 = -3*f + 423, -3*a - i*f = -4275. Is a a prime number?
True
Let t = 400 + -404. Is (3 - 5)*-373*(-14)/t prime?
False
Let l(w) = 7780*w**2 - 125*w - 4. Is l(-3) a prime number?
False
Let b(l) = 2*l**3 + 6*l**2 + 3*l + 9. Let u be b(-6). Suppose 6*t - 12756 = -t + t. Let g = t - u. Is g prime?
True
Suppose -5*b + 24*v - 28*v - 24636 = 0, 2*v + 9854 = -2*b. Let c = b - -28327. Is c prime?
True
Suppose -2*p + 3*j - 2*j = -195049, 2*j + 292573 = 3*p. Suppose -22*a + p = -94953. Is a prime?
False
Let f = 37859 + 312598. Is f prime?
False
Suppose u + 4*u = -5*f + 85, 5*f + 6 = 2*u. Let y(x) = -215*x**2 + 8*x + u*x - 16 + 214*x**2. Is y(10) prime?
False
Let z = 244474 - 160583. Is z composite?
False
Let a(i) = 0 - 107*i - 3 - 183*i - 3*i. Let j be ((-8)/30)/((-18)/45)*-6. Is a(j) composite?
True
Is 31299 + 17/(34/16) a prime number?
True
Is (-315)/441 + 227442/7 a composite number?
False
Let d(t) = 76*t**3 + 76*t**2 - 3*t + 8. Is d(7) a prime number?
False
Suppose 5*x + 5*f = f - 127, -3*x - 87 = -3*f. Let b = x - -22. Let u(l) = -5*l**3 + 5*l**2 + 3*l - 2. Is u(b) a composite number?
False
Let s = -141 + 137. Let g(a) = -81*a - 1. Is g(s) prime?
False
Let v = 27358 - -13761. Is v composite?
True
Let u(p) = -14295*p - 9797. Is u(-10) composite?
False
Suppose -2*j - 4*d = -4, 5*d - 2 - 3 = 0. Suppose j = 3*z + 2*z - 1780. Is (z/(-3))/((-6)/9) a composite number?
True
Let h(g) = -779*g**3 + 8*g + 35. Is h(-6) prime?
False
Let o = 1579574 + -690453. Is o prime?
False
Let j(l) = -9526*l + 2. Let w be j(-1). Suppose -9*b = -5*b + w. Let d = b - -3575. Is d prime?
True
Let r be 54 - (3 - (-4)/(-1)). Suppose 3*p + 43 = r. Suppose -131 = -s - 5*y + 141, p*s + y - 993 = 0. Is s a prime number?
False
Suppose -2*t + 2302897 = 5*v, 0 = t + v - 1764700 + 613238. Is t composite?
False
Let k = 41 + -34. Suppose 6*y + 6 = k*y. Suppose j - 251 = -3*p, 2*p - 265 = -j + y*p. Is j composite?
False
Is (-9)/((-1368)/16) - 151326404/(-76) composite?
False
Let v = 132 + -76. Let t = 1467 + v. Is t prime?
True
Let h be (-8)/12*(-206 + 5). Suppose 0 = -c - 26 + h. Suppose -113*n = -c*n - 1265. Is n composite?
True
Suppose -10 = -4*s - 10. Suppose -2*k + s = -6. Suppose 362 = w + k*g, w - 365 = -0*w - 4*g. Is w composite?
False
Let b(g) = 8*g**3 - 4*g**2 - 30*g + 139. Is b(5) prime?
False
Let y = -50689 - -111896. Is y a composite number?
True
Let h(f) = f**2 - 5*f. Let v be h(-4). Let i = -32 + v. Suppose -3*r - 549 = -i*w - 4644, 5*r - 6793 = -4*w. Is r prime?
True
Let a = 22716 - -34647. Is a a prime number?
False
Suppose j + 7 = 5*i, -10*j + 6*j - 8 = 0. Suppose -7*r - i = -6*r, -r + 26784 = 5*v. Is v a composite number?
True
Let w be 2 - (4 - 6) - 54. Let z be (-110)/w*15*1. Let m = z + -18. Is m composite?
True
Suppose 5*w - 6*x + 272 = -2*x, 5*x = 4*w + 214. Let b = w + 70. Is 60950/70 + 4/b a composite number?
True
Suppose -10*l - 18*l = 2714 - 45750. Is l prime?
False
Let h = -60 + 62. Suppose -5*q - h*u = -5315, 8*u = 3*q + 3*u - 3158. Is q a prime number?
True
Let j = 30 - -41. Suppose -2*x - 231 = j. Let a = 6 - x. Is a composite?
False
Let f be 6916/(-7) - (7 - (-2 - -7)). Let k = f + 1663. Is k a composite number?
False
Suppose -13*n - 3 = -94. Is 5*6/(-105) + 18433/n prime?
True
Let n = 1389183 + -661520. Is n composite?
True
Is 238/(-357) + (5589838/6 - 0/(-1)) composite?
False
Suppose 52*k + 38974028 = 168*k. Is k prime?
False
Suppose 4*q - 1572787 - 1003473 = 0. Is q a prime number?
False
Let c(h) = 2*h + 9 - h**3 + 15*h**2 - 7*h**2 + 7*h. Let m be c(9). Is 4336/m - 8/(-36) a prime number?
False
Suppose -56*h + 71000818 = 122*h. Is h a composite number?
True
Let f(n) = -n**3 - 4*n**2 - 8*n + 556649. Is f(0) a prime number?
False
Let a(m) = -m**3 - 14*m**2 - 13*m + 4. Let u be a(-13). Suppose u*g - 5*q + 4208 = 0, -3*q + 4200 = -3*g - g. Let i = -569 - g. Is i prime?
False
Is ((-36829948)/666)/(2/(-18)*2) prime?
True
Suppose 13*z - 28 = 11. Suppose 113 = 11*d + z. Is (-24935)/(-25) + 6/d a prime number?
False
Suppose -15*y = -20*y + 4*j - 24830, -2*j = -2*y - 9932. Let t = y - -7299. Is t prime?
True
Let r = 709813 - 202172. Is r a prime number?
True
Let d(p) be the second derivative of 101*p**3/6 - 12*p**2 + 4*p. Is d(5) a prime number?
False
Suppose 47*g - 30443460 = -162*g - 782807. Is g a prime number?
True
Let y = -2655 - -15233. Suppose y = 4*j + 2*g, g - 14844 + 2261 = -4*j. Is j composite?
True
Let l(w) = w**3 + 27*w**2 - 3*w - 38. Let p be l(-29). Let g = 202 - p. Is g a prime number?
False
Let m(p) = 2000*p - 911. Is m(54) a prime number?
True
Let g(b) = -b**3 - 12*b**2 + 12*b - 9. Let d be g(-13). Suppose -s + 28 = d. Suppose 0 = 3*u - 33 - s. Is u a composite number?
False
Suppose 5*k - 17 = -3*s, 3*k - 3*s - 14 = -s. Let n be ((-3)/9*0)/2 + k. Suppose -n*z = -w - 8597, 0 = 4*z - 5*z - 5*w + 2144. Is z composite?
True
Suppose 9*f - 5*f = 8. Suppose f*g - 255 = 1453. Is g + ((-51)/15 - 8/(-20)) prime?
False
Suppose -6*i = -4*i - 8, 4*w - 285608 = i. Is w prime?
False
Let l = 47351 - -246588. Is l prime?
False
Let u(v) = 25*v**2 + 14*v - 2. Let f(y) = 25*y**2 + 15*y - 3. Let z(b) = 5*f(b) - 4*u(b). Is z(15) a prime number?
True
Suppose -32606 = -5*r - 102141. Let p = -4461 - r. Suppose 775 = 3*u - p. Is u a prime number?
True
Let x(i) = 8 - 5 - 3226*i - 743*i - 7. Is x(-3) a composite number?
False
Suppose 3*m + 9 = -5*c - 7, 0 = 3*m + 4*c + 11. Is ((-8642)/m)/(52/(-78)) prime?
False
Is ((-204)/15 - 296/(-185)) + 434815 composite?
False
Let s be (-4 - (3 - 5)) + 44*-1. Let k = 3 - s. Is (-35)/k + 1 - (-94)/14 composite?
False
Suppose 23 = -3*n + p, 0*n = n - p + 11. Let r(d) = -d**3 - 2*d**2 - 2*d - 7. Is r(n) a prime number?
True
Suppose i - 230 = 342. Let k = i - -183. Is k a prime number?
False
Suppose 0 = -8*i + 50 + 22. Is (-14)/(-63) + (-38)/i + 997 a prime number?
False
Is -5 - 12*(-7)/(70/23335) - 0 a composite number?
False
Suppose 550028 = -32*s + 33*s - 3*r, -r = -s + 550030. Is s a composite number?
True
Suppose 0 = -w + 3*q - 26589 + 96823, -4*w - q + 280884 = 0. Is w prime?
False
Let c(q) be the third derivative of 0*q - 5*q**2 - 17/6*q**3 - 443/12*q**4 + 0. Is c(-6) a composite number?
True
Let f(q) = -14*q + 33. Let i be f(5). Let g = i - -43. Is g/(-4)*22090/(-15) a prime number?
False
Let q(c) = -10265*c + 51. Let w be q(3). Is (-4)/6 + w/(-27) composite?
True
Let h be (744/9)/(1/264). Let s = 38826 - h. Suppose -s = 207*t - 209*t. Is t composite?
False
Suppose 8*x - 68 = -9*x. Suppose -11821 = -x*s + 1615. Is s composite?
False
Suppose -47*g - 87672 = -59*g. Suppose -4*h = -3090 - g. Is h prime?
False
Let l(h) = 10*h**2 + 8*h - 23. Let o be (1 - (-1)/(-2)*0) + -14. Is l(o) a prime number?
False
Let g(v) = -55*v**3 - 5*v**2 - 12*v - 173. Is g(-12) composite?
False
Let w = 10460 - -5510. Suppose -6832 = -13*u + w. Is u a prime number?
False
Suppose -18681*j + 18699*j = 8478126. Is j composite?
False
Let f(w) = 32*w + 18. Let l(z) = -1. Let o(g) = -f(g) - 3*l(g). Let a be o(7). Let c = 320 - a. Is c a composite number?
True
Let h = 499395 - 209944. Is h a prime number?
False
Let c be (-21)/2*3372936/(-126). Suppose -c = -2*d - 32*d. Is d composite?
True
Let j be (44732/10)/(-2 + (-77)/(-35)). Suppose -5*x = 6901 - j. Is x a prime number?
False
Suppose 2*n - 2*b + 738 = 0, 0 = 5*n - 3*b + 2*b + 1845. Let k = -161 - n. Let r = k + 499. Is r composite?
True
Suppose 94*u - 46233136 = -14056842. Is u composite?
True
Let i be (-9 + (-1 - -3))*2190/(-35). Let v = i - -923. Is v a composite number?
False
Let c be 0 + 394845 - (-3)/(3/(-5)). Suppose -7*w = 33*w - c. Is w a prime number?
True
Suppose -65 = 3*t - 3*l + 4*l, 2*l = 2. Is (t/(-6) + -3)*(8458 + -1) a composite number?
True
Let d(i) = -i**2 + 3*i - 24*i + 10*i**2 + 169 - i**3 - 183. Let f be d(-11). Is 20/4*f/15 a prime number?
False
Suppose 6*i - 22950 = 2*i + 718. Is i prime?
False
Let h be (-2)/(-3)*(-4145 - 1)*-